f 13 and h.
13
Suppose d - 6 - 3 = 0. What is the greatest common factor of 9 and d?
9
Let m(j) = j**2 + 2*j + 3. Let q be (4/(-3))/((-1)/(-3)). Let p be m(q). What is the highest common divisor of 44 and p?
11
Suppose -12 = -3*u + 21. Calculate the greatest common divisor of u and 33.
11
Let p be ((2 - 31) + 0)/1. Let l = p - -50. Let j be (-21)/4*(-16)/6. What is the greatest common divisor of j and l?
7
Suppose r - 4*x - 492 = -4*r, 2*r - x - 195 = 0. Let g(t) = -12*t**3 - t**2 - 2*t - 1. Let z be g(-1). Calculate the greatest common factor of z and r.
12
Suppose 4*a + 8 = 2*a. Let v be 11 + (2 - -1) + a. Calculate the greatest common factor of v and 4.
2
Let n = 95 - 86. Calculate the greatest common factor of n and 144.
9
Let p(y) = -y**3 - 4*y**2 - 4*y - 9. Let t be p(-4). Calculate the highest common factor of t and 203.
7
Let q = 7 + -2. Suppose -2*r - 5 = -9. Suppose -r*g + 12 = 2*p, 0 = -p - 2*p + q*g + 18. Calculate the highest common divisor of p and 48.
6
Suppose 4*b + 2*n = 2 + 2, 4*n + 22 = 2*b. Let g(u) = -4*u - 2*u**2 - u - 12*u**b + 4*u. Let z be g(-1). What is the highest common factor of 99 and z?
11
Let r be (-22)/(-8) - 12/16. Suppose 0 = -5*n + 15, 2*d - 3*n = -r*d + 167. What is the greatest common divisor of 4 and d?
4
Let x(a) = -a**2 - 13*a - 6. Let k be x(-12). Calculate the highest common factor of k and 6.
6
Let d(n) = 7*n + 1. Let x be d(-3). Let p = 52 + x. Calculate the highest common divisor of 4 and p.
4
Suppose 14*a - 11*a - 132 = 0. What is the highest common factor of a and 484?
44
Suppose 3*i - 2*i = 17. Let d(z) = 2*z**2 - z - 3. Let k be d(-7). Calculate the highest common divisor of k and i.
17
Let w be 0/(-3*2/(-3)). Suppose 0*d - 5*d + 4496 = 4*c, -2*c - 5*d + 2258 = w. Let k be 2/5 + c/15. What is the highest common divisor of 30 and k?
15
Suppose -9*z = 14*z - 529. Let t = 411 + -227. What is the highest common factor of z and t?
23
Let y(p) be the third derivative of 2*p**5/15 - p**4/24 + p**3/6 - 5*p**2. Let r be y(1). What is the highest common factor of 16 and r?
8
Let u be (-29)/((8/6)/(-4)) + -2. Calculate the greatest common factor of 17 and u.
17
Let r(t) = -5*t + 1. Let a be r(-1). Let l(p) = 5*p. Let y be l(2). Let f be y/(-15) - (-202)/a. Calculate the highest common divisor of 3 and f.
3
Suppose 28*g - 25*g = 24. What is the highest common factor of g and 2?
2
Let z(x) = x**3 + 7*x**2 + 7*x + 9. Let g be z(-6). Suppose 0*n - 2*n - g*l = -30, l = 2. What is the greatest common factor of 6 and n?
6
Let s = 7 - 14. Let w be 105/(-6)*(-9 - s). Calculate the greatest common divisor of 5 and w.
5
Let m be ((-8)/10)/((-4)/600*1). Calculate the highest common factor of 24 and m.
24
Let f(q) = 36*q - 1. Let i(d) = d - 2. Let z be i(3). Let w be f(z). What is the highest common divisor of 7 and w?
7
Suppose -3*a + 43 = -4*r, 0*a + 4*r + 25 = a. Let p = 13 - a. Suppose p*s - 40 = 4*y, 4 = 2*s - 0*s + 2*y. What is the greatest common factor of s and 9?
3
Suppose -5*g - 2*f = -358, 2*f = g - 5*g + 288. Let w(i) = 6*i + 50. Let d be w(-6). What is the highest common factor of g and d?
14
Suppose 0 = -2*f - 35 + 71. Calculate the greatest common factor of 6 and f.
6
Let q(c) = c**2 + 6*c. Let l be q(-6). Suppose l = 5*k - 2*k - 360. Suppose 3*d = 7*d - k. What is the highest common factor of d and 10?
10
Suppose -2*p - 4*z + 36 = 0, -3*z = 2*p - 4*z - 41. Let k be (-14)/(-2) + (2 - 3). Suppose -k = -n - 2*n. Calculate the highest common factor of p and n.
2
Let t(o) = -7*o**2 + 1. Let u be t(1). Let i = u - -5. Let x be i + 13 - (-4 + 5). Calculate the greatest common factor of x and 77.
11
Let i be ((-108)/8)/(6/(-8)). Suppose -i = -2*a - 2. Calculate the greatest common factor of 8 and a.
8
Let a = 372 + -229. Calculate the highest common factor of 13 and a.
13
Let x(c) = -55*c. Let l be 2*(9/6)/(-3). Let f be x(l). Suppose 5*y - 35 + 7 = 3*h, -24 = -5*y - h. What is the greatest common divisor of y and f?
5
Let z = 26 - 18. Let d(x) = x**2 + 4*x + 8. Let t be d(-6). Calculate the greatest common factor of t and z.
4
Suppose -5*t + t = -20. Suppose -47 = -2*x + y - 4, -2*x + 73 = t*y. Suppose d + x + 6 = 4*z, -d - 9 = -z. Calculate the greatest common divisor of z and 21.
7
Suppose 0 = v + 3 - 5. Suppose -v*j = -0*j - 6. Suppose -j*o + 28 = -47. What is the highest common factor of 5 and o?
5
Let t(b) = 8*b**2 + 2*b + 1. Suppose 0 = 3*w + 4 - 1. Let m be t(w). Let u = 96 - 82. What is the greatest common divisor of u and m?
7
Let a(o) = -o**3 + 5*o**2 + o - 2. Let j be a(5). Suppose 2*q + 11 = -3*x, j*q + 0*x - 1 = -x. What is the highest common factor of q and 1?
1
Suppose 0 = -0*j - 6*j + 192. Calculate the highest common divisor of j and 4.
4
Let l = 381 + -239. Suppose 5*j + 32 = l. Calculate the highest common divisor of 242 and j.
22
Suppose 0 = -3*b - 6 + 66. Calculate the highest common factor of 180 and b.
20
Suppose 0 = d - 5*w - 7 - 16, -3*d = 4*w - 107. Let a = -18 + d. Let f = 53 + -23. Calculate the highest common factor of f and a.
15
Let x = 4 - -20. Calculate the highest common divisor of 72 and x.
24
Suppose 0 = -3*d + 7*d - 24. Suppose -m = 2*m - 198. What is the greatest common divisor of d and m?
6
Suppose -2*i + 92 = -52. Let p(q) = q**3 + 5*q**2 - 2*q - 1. Let g be p(-5). Calculate the greatest common divisor of g and i.
9
Let c be 2/4 + 54/4. Let m = -9 - -14. Suppose -3*q + p + 458 = 0, -750 = -q - 4*q + m*p. Calculate the greatest common factor of q and c.
14
Let g = -209 - -72. Let p = -98 - g. Calculate the highest common divisor of 13 and p.
13
Suppose -5*l - 3*q = -55, 4*l + 2*q - 44 = -q. What is the greatest common divisor of l and 33?
11
Let u = -106 + 210. Suppose -2*y - 26 = -u. Calculate the highest common factor of 13 and y.
13
Let n = 3 - -8. Calculate the highest common divisor of n and 121.
11
Suppose 9*f = 419 - 275. Let l be (-4)/(-1*2/4). Calculate the highest common factor of f and l.
8
Let d be (-73)/(-5) + (-3)/5. Let y be 33 - 1/((-2)/4). Calculate the highest common factor of d and y.
7
Let k(o) = 2*o**2 - 13*o + 10. Let l be k(-8). What is the highest common factor of 22 and l?
22
Let l be 5/10*216/(4/2). What is the highest common divisor of l and 9?
9
Suppose 3*k - 18 = 5*p, -4*k + 38 = -0*k - 2*p. Calculate the greatest common factor of 55 and k.
11
Let d(z) = 4*z**2 - 7*z + 27. Let j(a) = a**2 - 2*a + 9. Let v(q) = 2*d(q) - 7*j(q). Let g be v(7). What is the greatest common divisor of g and 8?
8
Suppose 20 = 2*w - 2*s - 62, -21 = -w + 5*s. Calculate the greatest common factor of w and 23.
23
Let v be -1 + 0 - -6 - 1. Let l be v/16 + (-142)/(-8). Calculate the greatest common divisor of 9 and l.
9
Let t(d) = -5*d - 6. Let l be t(-6). Calculate the greatest common divisor of 216 and l.
24
Let h be ((-126)/(-4))/((-6)/(-8)). Let k be (-3 - -2)*-21*3. Let s = k - 35. Calculate the highest common divisor of h and s.
14
Let g be 10*11/((-11)/(-30)). Suppose 5*r - g = -30. Calculate the greatest common factor of 6 and r.
6
Let q(n) be the third derivative of 4/3*n**3 - 1/2*n**4 - 1/60*n**5 + 0 + 2*n**2 + 0*n. Let f be q(-9). Calculate the greatest common factor of f and 7.
7
Suppose 5*v - 11 = -1. Suppose 0*h - 66 = -v*h. What is the greatest common factor of h and 3?
3
Let s be 264/(-3)*(-4)/8. Suppose -2*p + c + 4*c = -127, -p = -4*c - 62. What is the highest common divisor of s and p?
22
Let r be 16/(-6)*21/(-14). Suppose -v + r*p = 1, 0*v - v + 5*p - 2 = 0. Calculate the highest common factor of v and 21.
3
Suppose 8*a = 39 + 17. Suppose 2*y + 20 = 6*y + 2*s, -4*y - 3*s + 16 = 0. Calculate the greatest common factor of a and y.
7
Let r = 11 - 10. Let k be 1/(r + (-30)/33). What is the highest common divisor of 33 and k?
11
Let t be (-22)/(-55) + 358/5. Calculate the highest common factor of t and 24.
24
Let i be 11 - -204 - (-10)/2. What is the highest common factor of i and 20?
20
Let o(t) = -9*t + 1. Let z be o(-2). What is the greatest common divisor of 19 and z?
19
Suppose -35 - 21 = -z. Let s = z - 32. Calculate the highest common factor of s and 60.
12
Let k = 68 + -50. Calculate the highest common divisor of k and 108.
18
Let b = 34 + -21. What is the highest common divisor of 39 and b?
13
Suppose 88 - 203 = 5*m. Let r = -11 - m. What is 